{"id":141,"date":"2020-10-23T19:42:49","date_gmt":"2020-10-23T17:42:49","guid":{"rendered":"http:\/\/51.38.238.108\/?page_id=141"},"modified":"2020-12-04T13:36:08","modified_gmt":"2020-12-04T12:36:08","slug":"categorie-1-charpente","status":"publish","type":"page","link":"https:\/\/www.bousquelfreres.fr\/?page_id=141","title":{"rendered":"Charpente"},"content":{"rendered":"\n<h2>Charpente traditionnelle<\/h2>\n\n\n\n<figure class=\"wp-block-gallery alignwide columns-3 is-cropped\"><ul class=\"blocks-gallery-grid\"><li class=\"blocks-gallery-item\"><figure><img loading=\"lazy\" width=\"720\" height=\"960\" src=\"http:\/\/51.38.238.108\/wp-content\/uploads\/2020\/11\/1-Charpente-bois-Renovation-charpente-a-lidentique-Amenagement-de-combles.jpg.png\" alt=\"1 Charpente bois - R\u00e9novation charpente \u00e0 l'identique - Am\u00e9nagement de combles\" data-id=\"209\" data-full-url=\"http:\/\/51.38.238.108\/wp-content\/uploads\/2020\/11\/1-Charpente-bois-Renovation-charpente-a-lidentique-Amenagement-de-combles.jpg.png\" data-link=\"http:\/\/51.38.238.108\/?attachment_id=209\" class=\"wp-image-209\" srcset=\"https:\/\/www.bousquelfreres.fr\/wp-content\/uploads\/2020\/11\/1-Charpente-bois-Renovation-charpente-a-lidentique-Amenagement-de-combles.jpg.png 720w, https:\/\/www.bousquelfreres.fr\/wp-content\/uploads\/2020\/11\/1-Charpente-bois-Renovation-charpente-a-lidentique-Amenagement-de-combles.jpg-225x300.png 225w\" sizes=\"(max-width: 720px) 100vw, 720px\" \/><figcaption class=\"blocks-gallery-item__caption\">Charpente bois &#8211; R\u00e9novation charpente \u00e0 l&rsquo;identique &#8211; Am\u00e9nagement de combles<\/figcaption><\/figure><\/li><li class=\"blocks-gallery-item\"><figure><img loading=\"lazy\" width=\"1024\" height=\"768\" src=\"http:\/\/51.38.238.108\/wp-content\/uploads\/2020\/11\/2-Charpente-bois-Ferme-a-Entrait-retrousse-pour-combles-amenageables.jpg-1024x768.png\" alt=\"2 Charpente bois - Ferme \u00e0 Entrait retrouss\u00e9 - pour combles am\u00e9nageables\" data-id=\"210\" data-full-url=\"http:\/\/51.38.238.108\/wp-content\/uploads\/2020\/11\/2-Charpente-bois-Ferme-a-Entrait-retrousse-pour-combles-amenageables.jpg.png\" data-link=\"http:\/\/51.38.238.108\/?attachment_id=210\" class=\"wp-image-210\" srcset=\"https:\/\/www.bousquelfreres.fr\/wp-content\/uploads\/2020\/11\/2-Charpente-bois-Ferme-a-Entrait-retrousse-pour-combles-amenageables.jpg-1024x768.png 1024w, https:\/\/www.bousquelfreres.fr\/wp-content\/uploads\/2020\/11\/2-Charpente-bois-Ferme-a-Entrait-retrousse-pour-combles-amenageables.jpg-300x225.png 300w, https:\/\/www.bousquelfreres.fr\/wp-content\/uploads\/2020\/11\/2-Charpente-bois-Ferme-a-Entrait-retrousse-pour-combles-amenageables.jpg-768x576.png 768w, https:\/\/www.bousquelfreres.fr\/wp-content\/uploads\/2020\/11\/2-Charpente-bois-Ferme-a-Entrait-retrousse-pour-combles-amenageables.jpg.png 1280w\" sizes=\"(max-width: 1024px) 100vw, 1024px\" \/><figcaption class=\"blocks-gallery-item__caption\">Charpente bois &#8211; Ferme \u00e0 Entrait retrouss\u00e9 &#8211; pour combles am\u00e9nageables<\/figcaption><\/figure><\/li><li class=\"blocks-gallery-item\"><figure><img loading=\"lazy\" width=\"1024\" height=\"768\" src=\"http:\/\/51.38.238.108\/wp-content\/uploads\/2020\/11\/3-Charpente-bois-Realisation-charpente-traditionnelle-par-notre-equipe.jpg-1024x768.png\" alt=\"3 Charpente bois - R\u00e9alisation charpente traditionnelle par notre \u00e9quipe\" data-id=\"211\" data-full-url=\"http:\/\/51.38.238.108\/wp-content\/uploads\/2020\/11\/3-Charpente-bois-Realisation-charpente-traditionnelle-par-notre-equipe.jpg.png\" data-link=\"http:\/\/51.38.238.108\/?attachment_id=211\" class=\"wp-image-211\" srcset=\"https:\/\/www.bousquelfreres.fr\/wp-content\/uploads\/2020\/11\/3-Charpente-bois-Realisation-charpente-traditionnelle-par-notre-equipe.jpg-1024x768.png 1024w, https:\/\/www.bousquelfreres.fr\/wp-content\/uploads\/2020\/11\/3-Charpente-bois-Realisation-charpente-traditionnelle-par-notre-equipe.jpg-300x225.png 300w, https:\/\/www.bousquelfreres.fr\/wp-content\/uploads\/2020\/11\/3-Charpente-bois-Realisation-charpente-traditionnelle-par-notre-equipe.jpg-768x576.png 768w, https:\/\/www.bousquelfreres.fr\/wp-content\/uploads\/2020\/11\/3-Charpente-bois-Realisation-charpente-traditionnelle-par-notre-equipe.jpg.png 1280w\" sizes=\"(max-width: 1024px) 100vw, 1024px\" \/><figcaption class=\"blocks-gallery-item__caption\">Charpente bois &#8211; R\u00e9alisation charpente traditionnelle par notre \u00e9quipe<\/figcaption><\/figure><\/li><li class=\"blocks-gallery-item\"><figure><img loading=\"lazy\" width=\"1024\" height=\"768\" src=\"http:\/\/51.38.238.108\/wp-content\/uploads\/2020\/11\/4-Charpente-bois.jpg-1024x768.png\" alt=\"4 Charpente bois\" data-id=\"212\" data-full-url=\"http:\/\/51.38.238.108\/wp-content\/uploads\/2020\/11\/4-Charpente-bois.jpg.png\" data-link=\"http:\/\/51.38.238.108\/?attachment_id=212\" class=\"wp-image-212\" srcset=\"https:\/\/www.bousquelfreres.fr\/wp-content\/uploads\/2020\/11\/4-Charpente-bois.jpg-1024x768.png 1024w, https:\/\/www.bousquelfreres.fr\/wp-content\/uploads\/2020\/11\/4-Charpente-bois.jpg-300x225.png 300w, https:\/\/www.bousquelfreres.fr\/wp-content\/uploads\/2020\/11\/4-Charpente-bois.jpg-768x576.png 768w, https:\/\/www.bousquelfreres.fr\/wp-content\/uploads\/2020\/11\/4-Charpente-bois.jpg.png 1280w\" sizes=\"(max-width: 1024px) 100vw, 1024px\" \/><figcaption class=\"blocks-gallery-item__caption\">Charpente bois<\/figcaption><\/figure><\/li><li class=\"blocks-gallery-item\"><figure><img loading=\"lazy\" width=\"720\" height=\"960\" src=\"http:\/\/51.38.238.108\/wp-content\/uploads\/2020\/11\/5-Charpente-bois-Ferme-a-Entrait-Retrousse-pour-amenagement-de-combles.jpg.png\" alt=\"5 Charpente bois - Ferme \u00e0 Entrait Retrouss\u00e9 - pour am\u00e9nagement de combles\" data-id=\"213\" data-full-url=\"http:\/\/51.38.238.108\/wp-content\/uploads\/2020\/11\/5-Charpente-bois-Ferme-a-Entrait-Retrousse-pour-amenagement-de-combles.jpg.png\" data-link=\"http:\/\/51.38.238.108\/?attachment_id=213\" class=\"wp-image-213\" srcset=\"https:\/\/www.bousquelfreres.fr\/wp-content\/uploads\/2020\/11\/5-Charpente-bois-Ferme-a-Entrait-Retrousse-pour-amenagement-de-combles.jpg.png 720w, https:\/\/www.bousquelfreres.fr\/wp-content\/uploads\/2020\/11\/5-Charpente-bois-Ferme-a-Entrait-Retrousse-pour-amenagement-de-combles.jpg-225x300.png 225w\" sizes=\"(max-width: 720px) 100vw, 720px\" \/><figcaption class=\"blocks-gallery-item__caption\">Charpente bois &#8211; Ferme \u00e0 Entrait Retrouss\u00e9 &#8211; pour am\u00e9nagement de combles<\/figcaption><\/figure><\/li><li class=\"blocks-gallery-item\"><figure><img loading=\"lazy\" width=\"1024\" height=\"768\" src=\"http:\/\/51.38.238.108\/wp-content\/uploads\/2020\/11\/6-Charpente-bois-Chevronnage.jpg-1024x768.png\" alt=\"6 Charpente bois - Chevronnage\" data-id=\"214\" data-full-url=\"http:\/\/51.38.238.108\/wp-content\/uploads\/2020\/11\/6-Charpente-bois-Chevronnage.jpg.png\" data-link=\"http:\/\/51.38.238.108\/?attachment_id=214\" class=\"wp-image-214\" srcset=\"https:\/\/www.bousquelfreres.fr\/wp-content\/uploads\/2020\/11\/6-Charpente-bois-Chevronnage.jpg-1024x768.png 1024w, https:\/\/www.bousquelfreres.fr\/wp-content\/uploads\/2020\/11\/6-Charpente-bois-Chevronnage.jpg-300x225.png 300w, https:\/\/www.bousquelfreres.fr\/wp-content\/uploads\/2020\/11\/6-Charpente-bois-Chevronnage.jpg-768x576.png 768w, https:\/\/www.bousquelfreres.fr\/wp-content\/uploads\/2020\/11\/6-Charpente-bois-Chevronnage.jpg.png 1280w\" sizes=\"(max-width: 1024px) 100vw, 1024px\" \/><figcaption class=\"blocks-gallery-item__caption\">Charpente bois &#8211; Chevronnage<\/figcaption><\/figure><\/li><li class=\"blocks-gallery-item\"><figure><img loading=\"lazy\" width=\"1024\" height=\"768\" src=\"http:\/\/51.38.238.108\/wp-content\/uploads\/2020\/11\/7-Charpente-bois-Remplacement-piece-de-charpente.JPG-1024x768.png\" alt=\"7 Charpente bois - Remplacement pi\u00e8ce de charpente\" data-id=\"215\" data-full-url=\"http:\/\/51.38.238.108\/wp-content\/uploads\/2020\/11\/7-Charpente-bois-Remplacement-piece-de-charpente.JPG.png\" data-link=\"http:\/\/51.38.238.108\/?attachment_id=215\" class=\"wp-image-215\" srcset=\"https:\/\/www.bousquelfreres.fr\/wp-content\/uploads\/2020\/11\/7-Charpente-bois-Remplacement-piece-de-charpente.JPG-1024x768.png 1024w, https:\/\/www.bousquelfreres.fr\/wp-content\/uploads\/2020\/11\/7-Charpente-bois-Remplacement-piece-de-charpente.JPG-300x225.png 300w, https:\/\/www.bousquelfreres.fr\/wp-content\/uploads\/2020\/11\/7-Charpente-bois-Remplacement-piece-de-charpente.JPG-768x576.png 768w, https:\/\/www.bousquelfreres.fr\/wp-content\/uploads\/2020\/11\/7-Charpente-bois-Remplacement-piece-de-charpente.JPG.png 1280w\" sizes=\"(max-width: 1024px) 100vw, 1024px\" \/><figcaption class=\"blocks-gallery-item__caption\">Charpente bois &#8211; Remplacement pi\u00e8ce de charpente<\/figcaption><\/figure><\/li><li class=\"blocks-gallery-item\"><figure><img loading=\"lazy\" width=\"1024\" height=\"768\" src=\"http:\/\/51.38.238.108\/wp-content\/uploads\/2020\/11\/8-Charpente-en-sous-oeuvre-1-Depose-dune-vieille-ferme-en-sous-oeuvre.jpg-1024x768.png\" alt=\"8 Charpente en sous-oeuvre 1 - D\u00e9pose d'une vieille ferme en sous-oeuvre\" data-id=\"216\" data-full-url=\"http:\/\/51.38.238.108\/wp-content\/uploads\/2020\/11\/8-Charpente-en-sous-oeuvre-1-Depose-dune-vieille-ferme-en-sous-oeuvre.jpg.png\" data-link=\"http:\/\/51.38.238.108\/?attachment_id=216\" class=\"wp-image-216\" srcset=\"https:\/\/www.bousquelfreres.fr\/wp-content\/uploads\/2020\/11\/8-Charpente-en-sous-oeuvre-1-Depose-dune-vieille-ferme-en-sous-oeuvre.jpg-1024x768.png 1024w, https:\/\/www.bousquelfreres.fr\/wp-content\/uploads\/2020\/11\/8-Charpente-en-sous-oeuvre-1-Depose-dune-vieille-ferme-en-sous-oeuvre.jpg-300x225.png 300w, https:\/\/www.bousquelfreres.fr\/wp-content\/uploads\/2020\/11\/8-Charpente-en-sous-oeuvre-1-Depose-dune-vieille-ferme-en-sous-oeuvre.jpg-768x576.png 768w, https:\/\/www.bousquelfreres.fr\/wp-content\/uploads\/2020\/11\/8-Charpente-en-sous-oeuvre-1-Depose-dune-vieille-ferme-en-sous-oeuvre.jpg.png 1280w\" sizes=\"(max-width: 1024px) 100vw, 1024px\" \/><figcaption class=\"blocks-gallery-item__caption\">Charpente en sous-oeuvre 1 &#8211; D\u00e9pose d&rsquo;une vieille ferme en sous-oeuvre<\/figcaption><\/figure><\/li><li class=\"blocks-gallery-item\"><figure><img loading=\"lazy\" width=\"1024\" height=\"768\" src=\"http:\/\/51.38.238.108\/wp-content\/uploads\/2020\/11\/9-Charpente-en-sous-oeuvre-2-Mise-en-place-de-la-ferme-traditionnelle-realisee-et-posee-par-nos-soins.jpg-1024x768.png\" alt=\"9 Charpente en sous-oeuvre 2 - Mise en place de la ferme traditionnelle r\u00e9alis\u00e9e et pos\u00e9e par nos soins\" data-id=\"217\" data-full-url=\"http:\/\/51.38.238.108\/wp-content\/uploads\/2020\/11\/9-Charpente-en-sous-oeuvre-2-Mise-en-place-de-la-ferme-traditionnelle-realisee-et-posee-par-nos-soins.jpg.png\" data-link=\"http:\/\/51.38.238.108\/?attachment_id=217\" class=\"wp-image-217\" srcset=\"https:\/\/www.bousquelfreres.fr\/wp-content\/uploads\/2020\/11\/9-Charpente-en-sous-oeuvre-2-Mise-en-place-de-la-ferme-traditionnelle-realisee-et-posee-par-nos-soins.jpg-1024x768.png 1024w, https:\/\/www.bousquelfreres.fr\/wp-content\/uploads\/2020\/11\/9-Charpente-en-sous-oeuvre-2-Mise-en-place-de-la-ferme-traditionnelle-realisee-et-posee-par-nos-soins.jpg-300x225.png 300w, https:\/\/www.bousquelfreres.fr\/wp-content\/uploads\/2020\/11\/9-Charpente-en-sous-oeuvre-2-Mise-en-place-de-la-ferme-traditionnelle-realisee-et-posee-par-nos-soins.jpg-768x576.png 768w, https:\/\/www.bousquelfreres.fr\/wp-content\/uploads\/2020\/11\/9-Charpente-en-sous-oeuvre-2-Mise-en-place-de-la-ferme-traditionnelle-realisee-et-posee-par-nos-soins.jpg.png 1280w\" sizes=\"(max-width: 1024px) 100vw, 1024px\" \/><figcaption class=\"blocks-gallery-item__caption\">Charpente en sous-oeuvre 2 &#8211; Mise en place de la ferme traditionnelle r\u00e9alis\u00e9e et pos\u00e9e par nos soins<\/figcaption><\/figure><\/li><li class=\"blocks-gallery-item\"><figure><img loading=\"lazy\" width=\"1024\" height=\"768\" src=\"http:\/\/51.38.238.108\/wp-content\/uploads\/2020\/11\/10-Panneaux-OSB3-Pose-dune-Charpente-industrielle.JPG-1024x768.png\" alt=\"10 Panneaux OSB3 - Pose d'une Charpente industrielle\" data-id=\"218\" data-full-url=\"http:\/\/51.38.238.108\/wp-content\/uploads\/2020\/11\/10-Panneaux-OSB3-Pose-dune-Charpente-industrielle.JPG.png\" data-link=\"http:\/\/51.38.238.108\/?attachment_id=218\" class=\"wp-image-218\" srcset=\"https:\/\/www.bousquelfreres.fr\/wp-content\/uploads\/2020\/11\/10-Panneaux-OSB3-Pose-dune-Charpente-industrielle.JPG-1024x768.png 1024w, https:\/\/www.bousquelfreres.fr\/wp-content\/uploads\/2020\/11\/10-Panneaux-OSB3-Pose-dune-Charpente-industrielle.JPG-300x225.png 300w, https:\/\/www.bousquelfreres.fr\/wp-content\/uploads\/2020\/11\/10-Panneaux-OSB3-Pose-dune-Charpente-industrielle.JPG-768x576.png 768w, https:\/\/www.bousquelfreres.fr\/wp-content\/uploads\/2020\/11\/10-Panneaux-OSB3-Pose-dune-Charpente-industrielle.JPG.png 1280w\" sizes=\"(max-width: 1024px) 100vw, 1024px\" \/><figcaption class=\"blocks-gallery-item__caption\">Panneaux OSB3 &#8211; Pose d&rsquo;une Charpente industrielle<\/figcaption><\/figure><\/li><li class=\"blocks-gallery-item\"><figure><img loading=\"lazy\" width=\"1024\" height=\"768\" src=\"http:\/\/51.38.238.108\/wp-content\/uploads\/2020\/11\/Charpente-Taille-en-atelier-dune-charpente-traditionnelle.jpg-1024x768.png\" alt=\"Charpente - Taille en atelier d'une charpente traditionnelle\" data-id=\"219\" data-full-url=\"http:\/\/51.38.238.108\/wp-content\/uploads\/2020\/11\/Charpente-Taille-en-atelier-dune-charpente-traditionnelle.jpg.png\" data-link=\"http:\/\/51.38.238.108\/?attachment_id=219\" class=\"wp-image-219\" srcset=\"https:\/\/www.bousquelfreres.fr\/wp-content\/uploads\/2020\/11\/Charpente-Taille-en-atelier-dune-charpente-traditionnelle.jpg-1024x768.png 1024w, https:\/\/www.bousquelfreres.fr\/wp-content\/uploads\/2020\/11\/Charpente-Taille-en-atelier-dune-charpente-traditionnelle.jpg-300x225.png 300w, https:\/\/www.bousquelfreres.fr\/wp-content\/uploads\/2020\/11\/Charpente-Taille-en-atelier-dune-charpente-traditionnelle.jpg-768x576.png 768w, https:\/\/www.bousquelfreres.fr\/wp-content\/uploads\/2020\/11\/Charpente-Taille-en-atelier-dune-charpente-traditionnelle.jpg.png 1280w\" sizes=\"(max-width: 1024px) 100vw, 1024px\" \/><figcaption class=\"blocks-gallery-item__caption\">Charpente &#8211; Taille en atelier d&rsquo;une charpente traditionnelle<\/figcaption><\/figure><\/li><\/ul><\/figure>\n\n\n\n<div class=\"wp-block-group alignwide\"><div class=\"wp-block-group__inner-container\"><\/div><\/div>\n\n\n\n<h2>Charpente Fermette<\/h2>\n\n\n\n<figure class=\"wp-block-gallery alignwide columns-1 is-cropped\"><ul class=\"blocks-gallery-grid\"><li class=\"blocks-gallery-item\"><figure><img loading=\"lazy\" width=\"1024\" height=\"768\" src=\"http:\/\/51.38.238.108\/wp-content\/uploads\/2020\/11\/Pose-de-Fermettes.jpg-1024x768.png\" alt=\"Pose de Fermettes\" data-id=\"207\" data-full-url=\"http:\/\/51.38.238.108\/wp-content\/uploads\/2020\/11\/Pose-de-Fermettes.jpg.png\" data-link=\"http:\/\/51.38.238.108\/?attachment_id=207\" class=\"wp-image-207\" srcset=\"https:\/\/www.bousquelfreres.fr\/wp-content\/uploads\/2020\/11\/Pose-de-Fermettes.jpg-1024x768.png 1024w, https:\/\/www.bousquelfreres.fr\/wp-content\/uploads\/2020\/11\/Pose-de-Fermettes.jpg-300x225.png 300w, https:\/\/www.bousquelfreres.fr\/wp-content\/uploads\/2020\/11\/Pose-de-Fermettes.jpg-768x576.png 768w, https:\/\/www.bousquelfreres.fr\/wp-content\/uploads\/2020\/11\/Pose-de-Fermettes.jpg.png 1280w\" sizes=\"(max-width: 1024px) 100vw, 1024px\" \/><figcaption class=\"blocks-gallery-item__caption\">Pose de Fermettes<\/figcaption><\/figure><\/li><\/ul><\/figure>\n","protected":false},"excerpt":{"rendered":"<p>Charpente traditionnelle Charpente Fermette<\/p>\n","protected":false},"author":1,"featured_media":0,"parent":0,"menu_order":0,"comment_status":"closed","ping_status":"closed","template":"","meta":[],"_links":{"self":[{"href":"https:\/\/www.bousquelfreres.fr\/index.php?rest_route=\/wp\/v2\/pages\/141"}],"collection":[{"href":"https:\/\/www.bousquelfreres.fr\/index.php?rest_route=\/wp\/v2\/pages"}],"about":[{"href":"https:\/\/www.bousquelfreres.fr\/index.php?rest_route=\/wp\/v2\/types\/page"}],"author":[{"embeddable":true,"href":"https:\/\/www.bousquelfreres.fr\/index.php?rest_route=\/wp\/v2\/users\/1"}],"replies":[{"embeddable":true,"href":"https:\/\/www.bousquelfreres.fr\/index.php?rest_route=%2Fwp%2Fv2%2Fcomments&post=141"}],"version-history":[{"count":8,"href":"https:\/\/www.bousquelfreres.fr\/index.php?rest_route=\/wp\/v2\/pages\/141\/revisions"}],"predecessor-version":[{"id":306,"href":"https:\/\/www.bousquelfreres.fr\/index.php?rest_route=\/wp\/v2\/pages\/141\/revisions\/306"}],"wp:attachment":[{"href":"https:\/\/www.bousquelfreres.fr\/index.php?rest_route=%2Fwp%2Fv2%2Fmedia&parent=141"}],"curies":[{"name":"wp","href":"https:\/\/api.w.org\/{rel}","templated":true}]}}