{"id":99,"date":"2020-09-26T15:41:25","date_gmt":"2020-09-26T13:41:25","guid":{"rendered":"http:\/\/51.38.238.108\/?page_id=99"},"modified":"2022-12-13T10:48:51","modified_gmt":"2022-12-13T09:48:51","slug":"page-sur-lentreprise-ceci-nest-pas-affiche","status":"publish","type":"page","link":"https:\/\/www.bousquelfreres.fr\/?page_id=99","title":{"rendered":"Notre Entreprise"},"content":{"rendered":"\n<h2>a propos de notre entreprise<\/h2>\n\n\n\n<p>La SARL BOUSQUEL Fr\u00e8res est situ\u00e9e \u00e0 Blan (81700) dans le sud du Tarn, depuis sa cr\u00e9ation le 1 avril 1999.<\/p>\n\n\n\n<p>A sa t\u00eate Mr. BOUSQUEL Etienne et Mr. BOUSQUEL Alexandre, dirigeants et associ\u00e9s. Riches d\u2019une exp\u00e9rience dans le m\u00e9tier depuis 1985 ils vous garantissent les meilleures prestations gr\u00e2ce \u00e0 leur exp\u00e9rience professionnelle dans les domaines de la Charpente, de la Couverture, de la Zinguerie ainsi que de l\u2019isolation.<\/p>\n\n\n\n<h2>Notre equipe<\/h2>\n\n\n\n<p>Aujourd\u2019hui g\u00e9rants de cette soci\u00e9t\u00e9, ils vous proposent de r\u00e9aliser vos projets avec une \u00e9quipe exp\u00e9riment\u00e9e et dipl\u00f4m\u00e9e dans les domaines de la charpente, de la couverture, de la zinguerie ou encore de la menuiserie. Leur formation initiale provient du travail du bois, ces dipl\u00f4mes ont \u00e9t\u00e9 d\u00e9livr\u00e9s par l\u2019institut des <strong>compagnons du devoir<\/strong> de Toulouse.<\/p>\n\n\n\n<div class=\"wp-block-image\"><figure class=\"aligncenter size-large is-resized\"><img loading=\"lazy\" src=\"http:\/\/51.38.238.108\/wp-content\/uploads\/2020\/11\/logo-fede-compagnon-devoirs-Toulouse-1024x1024.png\" alt=\"logo fede compagnon devoirs Toulouse\" class=\"wp-image-260\" width=\"166\" height=\"166\" srcset=\"https:\/\/www.bousquelfreres.fr\/wp-content\/uploads\/2020\/11\/logo-fede-compagnon-devoirs-Toulouse-1024x1024.png 1024w, https:\/\/www.bousquelfreres.fr\/wp-content\/uploads\/2020\/11\/logo-fede-compagnon-devoirs-Toulouse-300x300.png 300w, https:\/\/www.bousquelfreres.fr\/wp-content\/uploads\/2020\/11\/logo-fede-compagnon-devoirs-Toulouse-150x150.png 150w, https:\/\/www.bousquelfreres.fr\/wp-content\/uploads\/2020\/11\/logo-fede-compagnon-devoirs-Toulouse-768x768.png 768w, https:\/\/www.bousquelfreres.fr\/wp-content\/uploads\/2020\/11\/logo-fede-compagnon-devoirs-Toulouse.png 1320w\" sizes=\"(max-width: 166px) 100vw, 166px\" \/><\/figure><\/div>\n\n\n\n<p>Tous les membres de notre \u00e9quipe d\u00e9tiennent \u00e9galement les Caces. <\/p>\n\n\n\n<p>Entreprise certifi\u00e9e RGE dans le domaine de la pose de tuiles, ardoises, velux et isolation de toitures ou combles.<\/p>\n\n\n\n<figure class=\"wp-block-image size-large is-style-default\"><img loading=\"lazy\" width=\"1024\" height=\"768\" src=\"https:\/\/www.bousquelfreres.fr\/wp-content\/uploads\/2020\/11\/Charpente-Taille-en-atelier-dune-charpente-traditionnelle.jpg-1024x768.png\" alt=\"Charpente - Taille en atelier d'une charpente traditionnelle\" class=\"wp-image-219\" srcset=\"https:\/\/www.bousquelfreres.fr\/wp-content\/uploads\/2020\/11\/Charpente-Taille-en-atelier-dune-charpente-traditionnelle.jpg-1024x768.png 1024w, https:\/\/www.bousquelfreres.fr\/wp-content\/uploads\/2020\/11\/Charpente-Taille-en-atelier-dune-charpente-traditionnelle.jpg-300x225.png 300w, https:\/\/www.bousquelfreres.fr\/wp-content\/uploads\/2020\/11\/Charpente-Taille-en-atelier-dune-charpente-traditionnelle.jpg-768x576.png 768w, https:\/\/www.bousquelfreres.fr\/wp-content\/uploads\/2020\/11\/Charpente-Taille-en-atelier-dune-charpente-traditionnelle.jpg.png 1280w\" sizes=\"(max-width: 1024px) 100vw, 1024px\" \/><figcaption>Charpente &#8211; Taille en atelier d&rsquo;une charpente traditionnelle<\/figcaption><\/figure>\n\n\n\n<h3>Nos \u00e9quipements<\/h3>\n\n\n\n<p>Nous sommes \u00e9quip\u00e9s d&rsquo;une flotte de v\u00e9hicules et \u00e9quipements adapt\u00e9es pour r\u00e9pondre aux diverses interventions sur le terrain : camion, utilitaire, grue, \u00e9l\u00e9vateur Maniscopic, \u00e9chafaudage de classe IV. <\/p>\n\n\n\n<figure class=\"wp-block-gallery alignwide columns-3 is-cropped\"><ul class=\"blocks-gallery-grid\"><li class=\"blocks-gallery-item\"><figure><img loading=\"lazy\" width=\"1024\" height=\"768\" src=\"http:\/\/51.38.238.108\/wp-content\/uploads\/2020\/11\/Montage-de-nos-echafaudages-pour-le-Clocher-de-Blan.jpg-1024x768.png\" alt=\"Montage de nos \u00e9chafaudages pour le Clocher de Blan\" data-id=\"251\" data-full-url=\"http:\/\/51.38.238.108\/wp-content\/uploads\/2020\/11\/Montage-de-nos-echafaudages-pour-le-Clocher-de-Blan.jpg.png\" data-link=\"http:\/\/51.38.238.108\/?attachment_id=251\" class=\"wp-image-251\" srcset=\"https:\/\/www.bousquelfreres.fr\/wp-content\/uploads\/2020\/11\/Montage-de-nos-echafaudages-pour-le-Clocher-de-Blan.jpg-1024x768.png 1024w, https:\/\/www.bousquelfreres.fr\/wp-content\/uploads\/2020\/11\/Montage-de-nos-echafaudages-pour-le-Clocher-de-Blan.jpg-300x225.png 300w, https:\/\/www.bousquelfreres.fr\/wp-content\/uploads\/2020\/11\/Montage-de-nos-echafaudages-pour-le-Clocher-de-Blan.jpg-768x576.png 768w, https:\/\/www.bousquelfreres.fr\/wp-content\/uploads\/2020\/11\/Montage-de-nos-echafaudages-pour-le-Clocher-de-Blan.jpg.png 1280w\" sizes=\"(max-width: 1024px) 100vw, 1024px\" \/><figcaption class=\"blocks-gallery-item__caption\">Montage de nos \u00e9chafaudages pour le Clocher de Blan<\/figcaption><\/figure><\/li><li class=\"blocks-gallery-item\"><figure><img loading=\"lazy\" width=\"1024\" height=\"768\" src=\"http:\/\/51.38.238.108\/wp-content\/uploads\/2020\/11\/echafaudage-1024x768.png\" alt=\"\" data-id=\"269\" data-full-url=\"http:\/\/51.38.238.108\/wp-content\/uploads\/2020\/11\/echafaudage.png\" data-link=\"http:\/\/51.38.238.108\/?attachment_id=269\" class=\"wp-image-269\" srcset=\"https:\/\/www.bousquelfreres.fr\/wp-content\/uploads\/2020\/11\/echafaudage-1024x768.png 1024w, https:\/\/www.bousquelfreres.fr\/wp-content\/uploads\/2020\/11\/echafaudage-300x225.png 300w, https:\/\/www.bousquelfreres.fr\/wp-content\/uploads\/2020\/11\/echafaudage-768x576.png 768w, https:\/\/www.bousquelfreres.fr\/wp-content\/uploads\/2020\/11\/echafaudage.png 1280w\" sizes=\"(max-width: 1024px) 100vw, 1024px\" \/><\/figure><\/li><li class=\"blocks-gallery-item\"><figure><img loading=\"lazy\" width=\"720\" height=\"960\" src=\"http:\/\/51.38.238.108\/wp-content\/uploads\/2020\/11\/Montage-de-nos-echafaudages-pour-le-clocher-de-Blan-2.jpg.png\" alt=\"Montage de nos \u00e9chafaudages pour le clocher de Blan 2\" data-id=\"248\" data-full-url=\"http:\/\/51.38.238.108\/wp-content\/uploads\/2020\/11\/Montage-de-nos-echafaudages-pour-le-clocher-de-Blan-2.jpg.png\" data-link=\"http:\/\/51.38.238.108\/?attachment_id=248\" class=\"wp-image-248\" srcset=\"https:\/\/www.bousquelfreres.fr\/wp-content\/uploads\/2020\/11\/Montage-de-nos-echafaudages-pour-le-clocher-de-Blan-2.jpg.png 720w, https:\/\/www.bousquelfreres.fr\/wp-content\/uploads\/2020\/11\/Montage-de-nos-echafaudages-pour-le-clocher-de-Blan-2.jpg-225x300.png 225w\" sizes=\"(max-width: 720px) 100vw, 720px\" \/><figcaption class=\"blocks-gallery-item__caption\">Montage de nos \u00e9chafaudages pour le clocher de Blan 2<\/figcaption><\/figure><\/li><li class=\"blocks-gallery-item\"><figure><img loading=\"lazy\" width=\"720\" height=\"960\" src=\"http:\/\/51.38.238.108\/wp-content\/uploads\/2020\/11\/Montage-de-nos-echafaudages-pour-le-clocher-de-Blan-4.jpg.png\" alt=\"Montage de nos \u00e9chafaudages pour le clocher de Blan 4\" data-id=\"250\" data-full-url=\"http:\/\/51.38.238.108\/wp-content\/uploads\/2020\/11\/Montage-de-nos-echafaudages-pour-le-clocher-de-Blan-4.jpg.png\" data-link=\"http:\/\/51.38.238.108\/?attachment_id=250\" class=\"wp-image-250\" srcset=\"https:\/\/www.bousquelfreres.fr\/wp-content\/uploads\/2020\/11\/Montage-de-nos-echafaudages-pour-le-clocher-de-Blan-4.jpg.png 720w, https:\/\/www.bousquelfreres.fr\/wp-content\/uploads\/2020\/11\/Montage-de-nos-echafaudages-pour-le-clocher-de-Blan-4.jpg-225x300.png 225w\" sizes=\"(max-width: 720px) 100vw, 720px\" \/><figcaption class=\"blocks-gallery-item__caption\">Montage de nos \u00e9chafaudages pour le clocher de Blan 4<\/figcaption><\/figure><\/li><li class=\"blocks-gallery-item\"><figure><img loading=\"lazy\" width=\"720\" height=\"960\" src=\"http:\/\/51.38.238.108\/wp-content\/uploads\/2020\/11\/Montage-de-nos-echafaudages-pour-le-clocher-de-Blan-3.jpg.png\" alt=\"Montage de nos \u00e9chafaudages pour le clocher de Blan 3\" data-id=\"249\" data-full-url=\"http:\/\/51.38.238.108\/wp-content\/uploads\/2020\/11\/Montage-de-nos-echafaudages-pour-le-clocher-de-Blan-3.jpg.png\" data-link=\"http:\/\/51.38.238.108\/?attachment_id=249\" class=\"wp-image-249\" srcset=\"https:\/\/www.bousquelfreres.fr\/wp-content\/uploads\/2020\/11\/Montage-de-nos-echafaudages-pour-le-clocher-de-Blan-3.jpg.png 720w, https:\/\/www.bousquelfreres.fr\/wp-content\/uploads\/2020\/11\/Montage-de-nos-echafaudages-pour-le-clocher-de-Blan-3.jpg-225x300.png 225w\" sizes=\"(max-width: 720px) 100vw, 720px\" \/><figcaption class=\"blocks-gallery-item__caption\">Montage de nos \u00e9chafaudages pour le clocher de Blan 3<\/figcaption><\/figure><\/li><\/ul><\/figure>\n\n\n\n<h2>Situation g\u00e9ographique<\/h2>\n\n\n\n<p>Situ\u00e9e \u00e0 <strong>Blan <\/strong>dans le d\u00e9partement du Tarn (81), proche de <strong>Puylaurens <\/strong>81700 et de <strong>Revel<\/strong> 31250. L\u2019essentiel de notre activit\u00e9 se concentre dans un rayon de 30 km autour de nos locaux, qui se situent dans le sud du Tarn, dans le secteur de la montagne Noire et une partie du Lauragais.<\/p>\n\n\n\n<figure class=\"wp-block-image alignwide size-large\"><img loading=\"lazy\" width=\"605\" height=\"361\" src=\"http:\/\/51.38.238.108\/wp-content\/uploads\/2020\/09\/Annotation-2020-09-25-152501-1.jpg\" alt=\"\" class=\"wp-image-65\" srcset=\"https:\/\/www.bousquelfreres.fr\/wp-content\/uploads\/2020\/09\/Annotation-2020-09-25-152501-1.jpg 605w, https:\/\/www.bousquelfreres.fr\/wp-content\/uploads\/2020\/09\/Annotation-2020-09-25-152501-1-300x179.jpg 300w\" sizes=\"(max-width: 605px) 100vw, 605px\" \/><figcaption>&nbsp;<br>Plan de notre rayon d\u2019action, extrait de Google Maps<\/figcaption><\/figure>\n\n\n\n<p><\/p>\n","protected":false},"excerpt":{"rendered":"<p>a propos de notre entreprise La SARL BOUSQUEL Fr\u00e8res est situ\u00e9e \u00e0 Blan (81700) dans le sud du Tarn, depuis sa cr\u00e9ation le 1 avril&hellip;<\/p>\n","protected":false},"author":1,"featured_media":0,"parent":0,"menu_order":0,"comment_status":"closed","ping_status":"closed","template":"","meta":[],"_links":{"self":[{"href":"https:\/\/www.bousquelfreres.fr\/index.php?rest_route=\/wp\/v2\/pages\/99"}],"collection":[{"href":"https:\/\/www.bousquelfreres.fr\/index.php?rest_route=\/wp\/v2\/pages"}],"about":[{"href":"https:\/\/www.bousquelfreres.fr\/index.php?rest_route=\/wp\/v2\/types\/page"}],"author":[{"embeddable":true,"href":"https:\/\/www.bousquelfreres.fr\/index.php?rest_route=\/wp\/v2\/users\/1"}],"replies":[{"embeddable":true,"href":"https:\/\/www.bousquelfreres.fr\/index.php?rest_route=%2Fwp%2Fv2%2Fcomments&post=99"}],"version-history":[{"count":23,"href":"https:\/\/www.bousquelfreres.fr\/index.php?rest_route=\/wp\/v2\/pages\/99\/revisions"}],"predecessor-version":[{"id":333,"href":"https:\/\/www.bousquelfreres.fr\/index.php?rest_route=\/wp\/v2\/pages\/99\/revisions\/333"}],"wp:attachment":[{"href":"https:\/\/www.bousquelfreres.fr\/index.php?rest_route=%2Fwp%2Fv2%2Fmedia&parent=99"}],"curies":[{"name":"wp","href":"https:\/\/api.w.org\/{rel}","templated":true}]}}